-1 + -1 - -3.
-1
Evaluate 8 - (0 + 0 + 24 + -19).
3
Evaluate -4 + (25 - 18) + (-4 - -1).
0
Evaluate (0 - -3 - 3) + (-11 - -7).
-4
1 + (-6 + 4 - 2 - 2)
-5
Evaluate -6 + (0 - -1 - -1) - -4.
0
What is the value of (-2 - (0 + 1 + -1)) + -2?
-4
(11 - 6) + 2 + -12
-5
What is the value of 4 - -1 - (16 + -6)?
-5
What is -13 + (3 - -6) + 0?
-4
Evaluate 5 + -10 + (4 - -8).
7
Evaluate -4 + (-4 - -10) + -2.
0
Calculate (7 + -9 - 2) + 10 + -1.
5
6 - (-3 + (-5 - -12)) - 5
-3
What is the value of 5 - (-15 + 5 - -16)?
-1
Evaluate (-106 - -117) + (-5 - 0).
6
0 + 4 + -1 + -1
2
What is -3 + (4 - (0 - 5 - -8))?
-2
Evaluate 6 + 7 + -3 + -5.
5
Evaluate -3 - (-1 - -6) - -7.
-1
Evaluate -4 - 4 - -3 - 5.
-10
Evaluate -1 + 6 + -3 + 6 + -3.
5
(7 - (2 + -3)) + (-12 - -8)
4
What is 13 + -11 - (4 - -1)?
-3
What is 2 - (5 - (7 + -7))?
-3
2 - ((0 - 0) + 5 + -9)
6
(5 - 0) + (-9 - -1)
-3
What is the value of -3 + (-3 - 1) + 6?
-1
What is 0 + -2 - ((-19 - -8) + 7)?
2
What is -5 - (0 + 1 + -6)?
0
10 + -9 - (0 + -2 + 3)
0
What is the value of -16 - (-4 + -3) - -2?
-7
What is 0 - 0 - (11 - 9)?
-2
What is -6 - (1 + (6 - 14))?
1
Evaluate (12 - 9) + (5 - 2) + 1.
7
Calculate 1 - (-2 - -4) - -1.
0
Evaluate 20 + (-2 - 7) + -19.
-8
3 - -1 - (-5 + 6)
3
Calculate -1 + -4 + (15 - 13).
-3
Calculate (-5 - -3) + 6 - (1 + 3).
0
Calculate 8 + (0 - (13 + -7)).
2
Evaluate (13 - 6) + 0 + -5.
2
Calculate 4 + (2 - 2) + (0 - 3).
1
What is 8 + -13 - (-1 - (5 + -3))?
-2
What is the value of -23 + 27 + -4 + (0 - 1)?
-1
0 - 1 - (0 + 0 + 1)
-2
-1 - (3 - 5) - (3 - 3)
1
Evaluate (6 - 14) + 7 + 0 + 2.
1
Calculate -2 - (-1 - -1 - -2).
-4
-5 + (8 + 1 - 3) - -3
4
0 + 3 - (-8 - (-16 + 6))
1
What is the value of 0 + -4 - (-64 + 52)?
8
Calculate 6 - -1 - (-9 - -7 - -7).
2
Evaluate (-2 - 2) + 6 + -2.
0
(0 - (0 - -2)) + -3 + 2
-3
-4 + 5 + 1 + -1
1
What is the value of -5 + (-2 - (-10 + 5))?
-2
Evaluate -36 + 38 - (-1 + 11).
-8
-11 + 10 + -7 + -7 + 5
-10
(3 - (8 + 0 + -4)) + 1
0
(6 - 1) + -3 + -4 + 3
1
What is 7 + 2 + -6 + (-3 - -1)?
1
What is -4 - (-4 - 13) - 8?
5
Evaluate -4 + (0 - -2) + -2.
-4
(-7 - -5) + 5 - 7
-4
What is -14 - -7 - (3 - (2 + 9))?
1
What is 9 - (-11 + 3 + 16)?
1
What is the value of 1 + -5 + 1 + -7 - -5?
-5
Calculate (1 - 4) + (2 - (4 + 2)).
-7
Calculate 2 - (4 + (2 - (-3 + 6))).
-1
Evaluate -10 + (-3 - 3 - -11) - 3.
-8
What is the value of -3 + (3 - (0 - -4) - -5)?
1
What is -3 + 8 + 3 + -6 + -2?
0
What is the value of (-12 - -16 - 7) + 13?
10
Evaluate 21 + -20 - (-1 + -2 - -1).
3
What is the value of -4 + (5 - (-2 + 0))?
3
Calculate 3 - 0 - 1 - (-1 - 1).
4
What is the value of (-3 - -2) + (-5 - (-5 - 0))?
-1
What is 1 + -10 + 9 - -5?
5
What is the value of 3 + (2 + -1 + -2 - 0)?
2
What is 4 - (-1 + 2) - 2?
1
What is 5 - (4 + -4 + 13)?
-8
What is -2 - (1 + -4 + -4)?
5
What is (-9 + 5 - -1 - -5) + 3?
5
-2 - (2 - 4) - -5
5
What is the value of 3 - (6 + (5 - 5)) - -7?
4
What is the value of (4 - 2) + -9 + (2 - -3)?
-2
What is (-2 - -4) + -1 - 0 - 0?
1
2 - (1 - 3 - (20 - 15))
9
What is (-2 - (-1 - 0)) + -205 + 210?
4
What is the value of (-5 - (-3 - (1 + 3))) + 1?
3
Calculate 2 - (7 + -2) - -4.
1
What is the value of 6 + -4 + 1 - 6?
-3
Evaluate 4 + (1 - -1 - 11).
-5
Calculate -6 - 2 - (4 + -5 + -2).
-5
Calculate 3 - 1 - -1 - -1.
4
2 + -2 + 2 + (-2 - -4)
4
What is 2 + -1 + 3 + 6 + -15?
-5
What is the value of -13 + 27 + (-7 - -3)?
10
Calculate 3 + (4 - -1 - (-19 - -21)).
6
Evaluate 0 + (4 - 0) - 1.
3
Evaluate 3 - 9 - (-3 - 0).
-3
What is 1 + -3 - (12 + -6 - 4)?
-4
1 + -4 - -7 - 6
-2
Calculate 6 - (-4 + 15) - (-6 - 1).
2
0 + (0 - -1) + 44 + -50
-5
Evaluate -3 - ((0 - 0) + (5 - 5)).
-3
Evaluate (-10 + 2 - -4) + 1 - 1.
-4
-3 - (-6 + (1 - -5))
-3
Calculate 4 + (-5 - -3 - -3) + -4.
1
0 - (1 - -4 - (8 + -2))
1
Calculate (6 + -10 - -7) + 2.
5
Evaluate -4 - (-3 - 4 - -3).
0
-2 - (-4 - (-3 - -1))
0
Calculate -5 - -4 - (-12 + 5).
6
(-7 + 3 - -6 - 1) + -4
-3
Calculate -10 - 0 - (1 - (-4 + 8)).
-7
What is -2 + 11 + (-1 - 9)?
-1
What is 1 + 4 + 3 - 1 - 13?
-6
What is the value of -11 - ((-18 - -6) + 7)?
-6
8 + (-2 + -7 - (3 - 9))
5
Calculate -5 - (-1 + -4) - -6.
6
What is 1 - (4 + 4 + -5)?
-2
What is the value of 13 - ((3 - 1) + 9)?
2
-11 + 19 + -1 + 0 + -4
3
Calculate 2 - 1 - (-4 - -1).
4
What is the value of -3 - (-1 - -2) - 2?
-6
What is 4 + -5 + -5 + 3?
-3
Evaluate -2 + (4 + -5 - -6).
3
2 + (1 + -1 - (7 + -7))
2
What is 12 - (-7 - (-7 + -7)) - 3?
2
What is the value of (-8 - -6) + 3 + -3 + 3?
1
Evaluate 4 + (-10 + (4 - 5) - -5).
-2
What is -12 + 11 + -2 + 5 + 0?
2
Calculate (2 - -1) + 0 - 1.
2
Calculate 2 - (2 + -1) - 0.
1
Evaluate 5 + (3 - (-2 - (3 - 14))).
-1
What is the value of 5 + 3 + -17 - -12?
3
-3 + 1 + 3 + (-1 - 2)
-2
Calculate (3 - 0) + -13 + 43 + -41.
-8
Evaluate (9 - 0) + -42 + 35.
2
Evaluate -3 + (0 - 1) + 14 + -16.
-6
What is the value of -1 + (-2 - -3 - 1)?
-1
Calculate -2 - (-1 + 5 + 1 + -1).
-6
Evaluate 1 + 2 + -1 + -5.
-3
What is -12 + 10 - (1 + 1)?
-4
4 - (-5 - -6) - (1 - 0)
2
What is the value of (-58 - -58) + -13 + 3?
-10
What is -8 + (-6 - (-9 - 0))?
-5
Evaluate -1 - -4 - (-1 + 2).
2
Calculate (2 - 9) + (-100 - -101).
-6
What is the value of (-1 - -8) + 3 + -12?
-2
What is 2 - (-4 + 8 + -8 - -3)?
3
(-17 - -13) + 0 + 9 + 2
7
2 - (-3 - -2) - -2
5
What is the value of -8 - (7 - (22 - 8) - -10)?
-11
What is the value of -4 - (-2 - (-6 + 11 + 2))?
5
What is (-1 - -4) + -1 + -1?
1
What is -3 - ((0 - 5) + 2)?
0
2 + 3 + (8 - 6)
7
What is the value of 1 + (6 - 1) - (258 - 251)?
-1
What is the value of 2 + 7 + (-3 - -5 - 3)?
8
What is the value of -1 + 9 + (-1 - 2)?
5
Calculate -5 - ((-4 - 2) + 6).
-5
12 + 3 + -3 + (-2 - 4)
6
Evaluate (7 - (7 - 1)) + (-4 - -2).
-1
Evaluate -11 + 6 + -1 + 7.
1
Calculate 2 - -9 - (64 + -50).
-3
What is the value of -4 + -1 + 2 - -2?
-1
What is -1 + -2 + 5 + 0?
2
Evaluate -43 - -27 - (-8 - 0).
-8
Evaluate 0 + 1 - 1 - (-24 + 25).
-1
6 - 5 - (-3 - 1)
5
What is 3 + 0 + -7 + (3 - 6)?
-7
Evaluate 2 + 4 - (1 - -2) - 7.
-4
What is -3 - -7 - (-7 + 4 + 6)?
1
Calculate (-6 - -10) + (4 + -13 - -4).
-1
What is the value of 0 + -6 + 0 + 3?
-3
What is the value of -4 - ((-3 - -2) + -4)?
1
Calculate 9 - 8 - 0 - (2 + -7).
6
What is the value of 5 + (2 - (2 - 1 - -11))?
-5
Evaluate -8 + 2 + 4 + 0.
-2
Calculate 0 - (8 + -7) - 0.
-1
1 - (-2 - (-3 + 2) - -1)
1
Calculate (1 - -4) + (0 - 3).
2
Calculate -4 + (1 - (0 + -2)).
-1
Evaluate 15 + 5 + -11 + -7.
2
0 - (-3 - -4) - 3
-4
Calculate 2 - (-3 - 1) - 3.
3
What is -4 + 2 - (5 - 7)?
0
What is 3 + (11 - 2) + -5?
7
Calculate 1 + 22 + -10 + -5.
8
Calculate 1 + (7 - -4 - (6 - 0)).
6
11 + -3 - (8 + -1 + -3)
4
Evaluate 12 + (6 - 12) + -11.
-5
What is -4 + 10 + (-1 - 2)?
3
Evaluate (6 - 0) + 6 - 7.
5
What is 1 + -3 + -5 + 1 + 2?
-4
What is the value of (8 - (6 - 3)) + -1 - 5?
-1
What is the value of -13 + 13 + (3 - -1)?
4
What is -5 - (1 - -1 - 4)?
-3
What is -2 - (1 + -4 - -1)?
0
0 + 0 + 15 + -20
-5
What is -1 + 5 - (3 + 1)?
0
What is the value of -2 + (-3 + 3 + 5 - 9)?
-6
8 - (-4 - (8 - 13))
7
2 - -3 - ((-9 - -10) + 0)
4
Calculate 1 + (-3 - -6 - (3 - 1)).
2
0 + 1 + -1 + (119 - 124)
-5
Calculate 9 + -2 - (-1 + 8 - 2).
2
0 - 3 - (-17 - -4 - -14)
-4
Calculate 1 - 3 - (3 + -9 + 4).
0
What is the value of 15 - 12 - ((3 - 0) + 2)?
-2
Evaluate (0 - -8) + -35 + 28.
1
What is the value of (-9 - -7 - -4) + 0?
2
Evaluate (2 - (2 - 1)) + 74 + -80.
-5
Evaluate -4 + (2 - 5) + 4 + -1.
-4
What is 3 - 6 - -3 - 0?
0
What is the value of 3 + -2 + (-1 - 1)?
-1
Evaluate -1 - 9 - -6 - (-1 - -1).
-4
What is -56 + 58 + (1 - 1 - 0)?
2
What is the value of 5 + 8 + -5 + -7 + 1?
2
0 + (0 + -2 - -3) + 3
4
Calculate -9 - -4 - (-2 - (-2 + 5)).
0
What is the value of -96 + 98 - (5 + -1)?
-2
What is 6 - (-9 - (-16 - 2))?
-3
Calculate -46 + 51 + (1 - -1).
7
Evaluate (5 - 6) + (-2 - 6) + 10.
1
What is the value of -4 + 4 + -4 + 1?
-3
What is the value of -1 - 5 - (-22 - -18) - 3?
-5
What is the value of -1 - (6 + 1) - -4?
-4
What is 0 - (2 - 6 - -7)?
-3
Calculate -4 + 6 + 3 + -2.
3
What is the value of (-1 + -7 - 1) + -3 + 6?
-6
Calculate 3 + 1 - (25 - 23).
2
Evaluate 1 - (0 - (1 - 5 - 1)).
-4
Evaluate 2 + (2 - 10 - -2).
-4
2 + 4 + -3 + -3
0
Calculate -7 - (0 - 9 - 3).
5
What is the value of 10 + -5 + -7 - (0 - 10)?
8
(-3 + 6 - 0) + -5
-2
Evaluate (3 - 5) + 0 + 1 + 1.
0
What 